 the remainder when k is divided by i?
13
Suppose -4*k + 85 = d, -3*d + 66 = 5*k - 49. What is the remainder when 376 is divided by k?
16
Suppose 2*r - 28 = -2*j, -j + 6*r = r + 16. Let c be 14/(-4) - j/6. Calculate the remainder when (820/8)/c*-4 is divided by 28.
26
Let h(c) = -2*c + 84. Calculate the remainder when h(-20) is divided by 12.
4
Suppose -5*l - 43 = -4*d + 4, d + 1 = -3*l. Calculate the remainder when 173 is divided by d.
5
Let s = -136 - -190. Suppose 78 = 3*j - 3*z, 2*j + 2*z = 5*z + s. What is the remainder when j is divided by 7?
3
Suppose 171*l - 185*l = -658. What is the remainder when l is divided by 12?
11
Let u(n) = -n - 1. Let o(a) = -2*a + 8. Let g(x) = o(x) + 3*u(x). What is the remainder when 27 is divided by g(-2)?
12
Let z = -18 + 24. Calculate the remainder when (-8)/(-4)*57/z is divided by (0/1)/(-2) + 5.
4
Suppose 0 = 4*r - 7*r. Suppose r = -4*j - 0*n - 4*n + 52, n = 5*j - 47. Suppose 0 = 14*c - 13*c - j. What is the remainder when 19 is divided by c?
9
Let q = -43 + 81. Calculate the remainder when 187 is divided by q.
35
Let o(c) = c**3 + c**2 - 3*c - 4. Let j be o(5). Suppose -3*q - 14 = -j. Let p = -4 + 18. What is the remainder when q is divided by p?
11
Suppose -16*g + 105 = -g. What is the remainder when 47 is divided by g?
5
Let k = -440 - -537. What is the remainder when k is divided by 27?
16
Suppose -o = -3*x + 97, -5*x + 194 = o + 43. Calculate the remainder when x is divided by 18.
13
Let t(n) = -n**3 + 2*n**2 + 4*n + 5. Let w(z) = -z**2 - 4. Let b be w(0). Suppose -u + 20 + 2 = 0. Calculate the remainder when t(b) is divided by u.
19
Let s(k) = -k**2 - 24*k - 24. Let d be s(-21). Suppose -80 = 3*r - 8*r + 5*h, -2*r - 5*h = -d. Calculate the remainder when 135 is divided by r.
16
Suppose -8*h + 228 + 2548 = 0. What is the remainder when h is divided by 10?
7
Let b = 483 - 475. What is the remainder when 54 is divided by b?
6
Let k = 5484 - 3819. Calculate the remainder when k is divided by 119.
118
Suppose 5*i - 282 = -177. Calculate the remainder when 40 is divided by i.
19
Suppose -9 = -2*n + 4*c + 23, 5*n + 5*c = 50. Let w(i) = -i**2 - 16*i - 24. Let x be w(-12). Let h = -20 + x. Calculate the remainder when n is divided by h.
0
Let k(b) = 2*b**3 + 3*b**3 - 10 - 8*b - 6*b**3 + 8*b**2. Calculate the remainder when 74 is divided by k(5).
24
Suppose -12*w - w = -78. What is the remainder when w is divided by 4?
2
Suppose -48 = -11*v - v. Suppose -v*b = b - 435. Calculate the remainder when b is divided by 31.
25
Let v = -949 - -958. What is the remainder when 58 is divided by v?
4
Suppose 2*h = 5*k + 102, -3*h - 2*k - k + 174 = 0. Calculate the remainder when 223 is divided by h.
55
Let a = 518 + -359. What is the remainder when a is divided by 54?
51
Let m(q) = 24*q - 1. Suppose 0 = 4*a + 4*t - t - 21, 4*t = -a + 2. Let l = 8 - a. Calculate the remainder when m(l) is divided by 16.
15
Let l(v) = -v**3 + 4*v**2 - 2*v - 4. Let r be l(4). Calculate the remainder when 65/(-312)*-8 + (-284)/(-6) is divided by 8/r - (-82)/6.
10
Let c = 142 + -127. What is the remainder when 311 is divided by c?
11
Suppose j = 5*o + 8 + 15, 0 = -5*j + 3*o + 71. Let r = -87 + 42. Let k = r + 69. What is the remainder when k is divided by j?
11
Let x = 402 - 226. Let m(h) = -h**3 + 7*h**2 - 5*h + 4. Let v be m(8). Let u = v + x. What is the remainder when u is divided by 26?
24
Let l be (-2)/(-2)*2 - -3. Suppose 0 = l*a + 3*b - 58, 3*a - 6*a + 34 = 2*b. Let x = a + 25. Calculate the remainder when x is divided by 10.
9
Suppose n - 7*z - 17 = -2*z, -3*n - 25 = 4*z. What is the remainder when -93*n/(-6)*-2 is divided by 24?
21
Let o = -13 + 17. Suppose 3*m - 69 = -3*p, 1 = -m + o. Calculate the remainder when p is divided by 11.
9
Let i(s) = s**3 - 3*s**2 - 4*s + 4. Suppose -2*x + 4*n = -0*n - 26, -5*n = 20. What is the remainder when i(x) is divided by 27?
7
Let i(c) = 3*c**2 + 4*c - 3. Let w(q) = q**3 + 17*q**2 - 45*q - 127. Calculate the remainder when i(2) is divided by w(-19).
5
Let l = -478 - -708. Suppose 4*r - 3*r + 470 = 2*j, 0 = -j + 3*r + l. Let k = -112 + j. Calculate the remainder when k is divided by 42.
40
Let q be (3988/10)/((-12)/(-30)). Suppose -5*k + c = 123 - q, 4*k - 4*c = 696. Suppose t = 6*t - k. Calculate the remainder when t is divided by 19.
16
Suppose 12*x = -9*x + 7791. Calculate the remainder when x is divided by 22.
19
What is the remainder when ((-2)/(-14))/((-9)/(-16191)) is divided by 3?
2
Let j = -45 - -108. What is the remainder when 249 is divided by j?
60
Suppose 2*x - 2*g = 200, -x = -6*g + 2*g - 100. Suppose -5*u + 5*o = -x, -6*o = -u - 10*o. What is the remainder when 91 is divided by u?
11
Let i = -27 - -33. What is the remainder when 141 is divided by i?
3
Let i(v) = -1. Let q(s) = -2*s + 21. Let r(p) = -3*i(p) - q(p). Let h be r(-13). Let l = -29 - h. What is the remainder when 43 is divided by l?
13
What is the remainder when (-168)/16*100/(-35) is divided by 16?
14
Calculate the remainder when (-3)/5 + (-25041)/(-85) is divided by 33.
30
Let l = 905 + -873. Calculate the remainder when l is divided by 11.
10
Suppose 45 = 113*h - 98*h. What is the remainder when 84/5 - (-1)/5 is divided by h?
2
Calculate the remainder when 118 is divided by 21 - ((-1411)/289 + (-2)/17).
14
Let p be -1 + 0 - (-1 - -1). Let t(f) = -2*f + 1. Calculate the remainder when p/1*(-50 - -2) is divided by t(-8).
14
Let d = -16 + 10. Calculate the remainder when ((-3)/d)/((-1)/(-30)) is divided by 4.
3
Let i(t) = -t**2 + 24*t - 7. What is the remainder when i(16) is divided by 13?
4
Let h = 21 - 35. Let g be (-1492)/(-28) - (-4)/h. Suppose -2*n + 4*d = 2*d - 4, -4*n = 5*d - g. What is the remainder when 12 is divided by n?
5
Let z(t) = -t - 7. Let o be z(6). Let r = o + 7. What is the remainder when 21 is divided by r - -7 - (-10 - 0)?
10
Let m(y) = 17*y - 135. What is the remainder when m(13) is divided by 22?
20
Let d = -28 - -31. Suppose d*h = 14 + 49. What is the remainder when 41 is divided by h?
20
Let n(r) = 5*r**2 + 3*r + 2. Let z(l) be the first derivative of -l**4/4 + l**3 - 2*l - 1. Let g be z(3). What is the remainder when n(g) is divided by 6?
4
Let s(a) = -a**3 - 13*a**2 - 11*a + 15. Let f be s(-12). Let u be ((-3)/f)/(2/510). Calculate the remainder when 19 is divided by (-1)/5 - u/25.
9
Let j = 201 - 124. Suppose 3*f - 9 = -l + 4, 4*f - 5*l = -8. Suppose h + 0*h + 21 = r, 5*r + f*h = 97. What is the remainder when j is divided by r?
17
Suppose -1 = -3*m + 11. What is the remainder when 52 is divided by (-110)/(-4) - (36/8 - m)?
25
Let s = 99 + -99. Calculate the remainder when s/((-5)/5) - -135 is divided by 34.
33
Let z = 25 + -22. Suppose -5*x - 2*c = -90, 3*x - z*c - 85 = 2*c. What is the remainder when 55 is divided by x?
15
Let y(q) = -q**2 - 39*q + 1. What is the remainder when y(-30) is divided by 13?
11
Let l be (2/(-1))/((-2)/4). Suppose 0 = 3*k - 8*k + 3*a + 17, a = -4*k. Suppose -k = -w + l. Calculate the remainder when 13 is divided by w.
3
Suppose -4*c + 111 = -c. Calculate the remainder when 110 is divided by c.
36
Let y = 3 - -11. Let w = -20 - -126. Calculate the remainder when w is divided by 6/(-21) - (-382)/y.
25
Suppose -6*g - 9 = -9*g. Suppose 2*d + 34 = g*z, 2*z = -3*d + 27 + 13. Let f(b) = b**3 + 6*b**2 - b - 6. Calculate the remainder when f(-5) is divided by z.
10
Let u = -981 + 999. Calculate the remainder when u is divided by 10/1*2/4.
3
Let v be 26*(3 - (-1 + 6/1)). Let w = 0 - v. Calculate the remainder when w is divided by 9.
7
Suppose -87 = -5*k + 13. Calculate the remainder when 57 is divided by k.
17
Calculate the remainder when 611 is divided by 304/9 - ((-32)/9)/16.
33
Suppose 6*t = 3*t + 42. Let r = 8 + 4. Let m = t - r. What is the remainder when 7 is divided by m?
1
What is the remainder when 363 + -4 - 120/(-10) is divided by 106?
53
Suppose -2085 - 7078 = -11*m. Calculate the remainder when m is divided by 76.
73
Suppose -13*r + 7904 = 19*r. Calculate the remainder when r is divided by 31.
30
Suppose -253 = 8*n - 701. What is the remainder when 223 is divided by n?
55
Let o(d) = 22*d**2 + 2*d. Let v be o(2). Suppose 6*u - v = 2*u. Calculate the remainder when u is divided by (-2)/((-4)/3)*(-9 + 13).
5
Let d be 100/40*(-1)/((-2)/4). What is the remai